{"id":8,"date":"2018-11-30T12:34:55","date_gmt":"2018-11-30T15:34:55","guid":{"rendered":"http:\/\/www.amaranto.uchile.cl\/?page_id=8"},"modified":"2019-05-14T02:04:33","modified_gmt":"2019-05-14T05:04:33","slug":"inicio","status":"publish","type":"page","link":"https:\/\/www.amaranto.uchile.cl\/","title":{"rendered":"Inicio"},"content":{"rendered":"<p>[et_pb_section fb_built=\u00bb1&#8243; fullwidth=\u00bbon\u00bb _builder_version=\u00bb3.22&#8243;][et_pb_fullwidth_code _builder_version=\u00bb3.17.6&#8243;][rev_slider alias=\u00bbbanner\u00bb][\/et_pb_fullwidth_code][\/et_pb_section][et_pb_section fb_built=\u00bb1&#8243; _builder_version=\u00bb3.22.1&#8243;][et_pb_row _builder_version=\u00bb3.22.1&#8243;][et_pb_column type=\u00bb1_2&#8243; _builder_version=\u00bb3.22.1&#8243;][et_pb_text _builder_version=\u00bb3.22.1&#8243;]<\/p>\n<p style=\"font-size:18px\"><strong>El amaranto (<em>Amaranthus<\/em> sp.)<\/strong> es un cultivo que tiene su centro de origen en el continente americano, siendo sembrado por los Mayas, los Aztecas y los Incas. Fue un cultivo muy importante para los pueblos originarios e incluso lo usaban en las ceremonias dedicadas a sus deidades. La cultura del amaranto fue pr\u00e1cticamente erradicada durante la colonizaci\u00f3n espa\u00f1ola, quedando el recurso gen\u00e9tico en manos de un n\u00famero reducido de comunidades de agricultura tradicional asentadas en Mesoam\u00e9rica y en la zona Andina. Actualmente se ha logrado captar un renovado y creciente inter\u00e9s por este cultivo debido a la calidad nutricional de sus granos, hojas e inflorescencias, por su aprovechamiento integral, por la brevedad de su ciclo de cultivo y por su capacidad de crecer en condiciones adversas, principalmente deficitarias de agua.\n<\/p>\n<p style=\"font-size:18px\">\nLas principales especies cultivadas para producci\u00f3n de grano son \u00a0<em>Amaranthus cruentus y <\/em>\u00a0<em>Amaranthus hypochondriacus<\/em> en M\u00e9xico y <em>Amaranthus caudatus<\/em> en Per\u00fa.<\/p>\n<p>[\/et_pb_text][\/et_pb_column][et_pb_column type=\u00bb1_2&#8243; _builder_version=\u00bb3.22.1&#8243;][et_pb_text _builder_version=\u00bb3.22.1&#8243;]<\/p>\n<p style=\"font-size:18px\">El grano de amaranto es rico en carbohidratos, \u00a0tiene un \u00a0alto contenido de prote\u00edna (13 &#8211; 19%) y un notable balance de amino\u00e1cidos esenciales, cercano al \u00f3ptimo de referencia que sugiere la FAO y la OMS para la dieta humana, ya que posee un mayor contenido de lisina y tript\u00f3fano que el trigo, el arroz o el ma\u00edz. Tiene un gran potencial para ser explotado como alimento funcional debido a su contenido de escualeno (antioxidante natural), \u00e1cidos grasos insaturados como el linole\u00edco y oleico y \u00e1cidos grasos saturados como el palm\u00edtico, adem\u00e1s de tocotrienoles, fitoesteroles y esteroles que ayudan a disminuir el colesterol en la sangre.\u00a0<\/span><\/p>\n<p style=\"font-size:18px\">Desde el punto de vista agr\u00edcola es una especie con un alto potencial dado que las plantas se adaptan muy bien a suelos de baja fertilidad, a climas secos con alta temperatura y radiaci\u00f3n y sobre todo a zonas con escasez de agua y\/o con alg\u00fan grado de salinidad. \u00a0<\/p>\n<p>[\/et_pb_text][\/et_pb_column][\/et_pb_row][\/et_pb_section]<\/p>\n","protected":false},"excerpt":{"rendered":"<p>[rev_slider alias=\u00bbbanner\u00bb]El amaranto (Amaranthus sp.) es un cultivo que tiene su centro de origen en el continente americano, siendo sembrado por los Mayas, los Aztecas y los Incas. Fue un cultivo muy importante para los pueblos originarios e incluso lo usaban en las ceremonias dedicadas a sus deidades. La cultura del amaranto fue pr\u00e1cticamente erradicada [&hellip;]<\/p>\n","protected":false},"author":1,"featured_media":0,"parent":0,"menu_order":0,"comment_status":"closed","ping_status":"closed","template":"","meta":{"_et_pb_use_builder":"on","_et_pb_old_content":"","_et_gb_content_width":"","footnotes":""},"class_list":["post-8","page","type-page","status-publish","hentry"],"yoast_head":"<!-- This site is optimized with the Yoast SEO plugin v27.2 - https:\/\/yoast.com\/product\/yoast-seo-wordpress\/ -->\n<title>Inicio - Amaranto<\/title>\n<meta name=\"robots\" content=\"index, follow, max-snippet:-1, max-image-preview:large, max-video-preview:-1\" \/>\n<link rel=\"canonical\" href=\"https:\/\/www.amaranto.uchile.cl\/\" \/>\n<meta property=\"og:locale\" content=\"es_ES\" \/>\n<meta property=\"og:type\" content=\"article\" \/>\n<meta property=\"og:title\" content=\"Inicio - Amaranto\" \/>\n<meta property=\"og:description\" content=\"[rev_slider alias=&quot;banner&quot;]El amaranto (Amaranthus sp.) es un cultivo que tiene su centro de origen en el continente americano, siendo sembrado por los Mayas, los Aztecas y los Incas. Fue un cultivo muy importante para los pueblos originarios e incluso lo usaban en las ceremonias dedicadas a sus deidades. La cultura del amaranto fue pr\u00e1cticamente erradicada [&hellip;]\" \/>\n<meta property=\"og:url\" content=\"https:\/\/www.amaranto.uchile.cl\/\" \/>\n<meta property=\"og:site_name\" content=\"Amaranto\" \/>\n<meta property=\"article:modified_time\" content=\"2019-05-14T05:04:33+00:00\" \/>\n<meta name=\"twitter:card\" content=\"summary_large_image\" \/>\n<meta name=\"twitter:label1\" content=\"Tiempo de lectura\" \/>\n\t<meta name=\"twitter:data1\" content=\"2 minutos\" \/>\n<script type=\"application\/ld+json\" class=\"yoast-schema-graph\">{\"@context\":\"https:\/\/schema.org\",\"@graph\":[{\"@type\":\"WebPage\",\"@id\":\"https:\/\/www.amaranto.uchile.cl\/\",\"url\":\"https:\/\/www.amaranto.uchile.cl\/\",\"name\":\"Inicio - Amaranto\",\"isPartOf\":{\"@id\":\"https:\/\/www.amaranto.uchile.cl\/#website\"},\"datePublished\":\"2018-11-30T15:34:55+00:00\",\"dateModified\":\"2019-05-14T05:04:33+00:00\",\"breadcrumb\":{\"@id\":\"https:\/\/www.amaranto.uchile.cl\/#breadcrumb\"},\"inLanguage\":\"es\",\"potentialAction\":[{\"@type\":\"ReadAction\",\"target\":[\"https:\/\/www.amaranto.uchile.cl\/\"]}]},{\"@type\":\"BreadcrumbList\",\"@id\":\"https:\/\/www.amaranto.uchile.cl\/#breadcrumb\",\"itemListElement\":[{\"@type\":\"ListItem\",\"position\":1,\"name\":\"Home\",\"item\":\"https:\/\/www.amaranto.uchile.cl\/\"},{\"@type\":\"ListItem\",\"position\":2,\"name\":\"Inicio\"}]},{\"@type\":\"WebSite\",\"@id\":\"https:\/\/www.amaranto.uchile.cl\/#website\",\"url\":\"https:\/\/www.amaranto.uchile.cl\/\",\"name\":\"Amaranto\",\"description\":\"\",\"potentialAction\":[{\"@type\":\"SearchAction\",\"target\":{\"@type\":\"EntryPoint\",\"urlTemplate\":\"https:\/\/www.amaranto.uchile.cl\/?s={search_term_string}\"},\"query-input\":{\"@type\":\"PropertyValueSpecification\",\"valueRequired\":true,\"valueName\":\"search_term_string\"}}],\"inLanguage\":\"es\"}]}<\/script>\n<!-- \/ Yoast SEO plugin. -->","yoast_head_json":{"title":"Inicio - Amaranto","robots":{"index":"index","follow":"follow","max-snippet":"max-snippet:-1","max-image-preview":"max-image-preview:large","max-video-preview":"max-video-preview:-1"},"canonical":"https:\/\/www.amaranto.uchile.cl\/","og_locale":"es_ES","og_type":"article","og_title":"Inicio - Amaranto","og_description":"[rev_slider alias=\"banner\"]El amaranto (Amaranthus sp.) es un cultivo que tiene su centro de origen en el continente americano, siendo sembrado por los Mayas, los Aztecas y los Incas. Fue un cultivo muy importante para los pueblos originarios e incluso lo usaban en las ceremonias dedicadas a sus deidades. La cultura del amaranto fue pr\u00e1cticamente erradicada [&hellip;]","og_url":"https:\/\/www.amaranto.uchile.cl\/","og_site_name":"Amaranto","article_modified_time":"2019-05-14T05:04:33+00:00","twitter_card":"summary_large_image","twitter_misc":{"Tiempo de lectura":"2 minutos"},"schema":{"@context":"https:\/\/schema.org","@graph":[{"@type":"WebPage","@id":"https:\/\/www.amaranto.uchile.cl\/","url":"https:\/\/www.amaranto.uchile.cl\/","name":"Inicio - Amaranto","isPartOf":{"@id":"https:\/\/www.amaranto.uchile.cl\/#website"},"datePublished":"2018-11-30T15:34:55+00:00","dateModified":"2019-05-14T05:04:33+00:00","breadcrumb":{"@id":"https:\/\/www.amaranto.uchile.cl\/#breadcrumb"},"inLanguage":"es","potentialAction":[{"@type":"ReadAction","target":["https:\/\/www.amaranto.uchile.cl\/"]}]},{"@type":"BreadcrumbList","@id":"https:\/\/www.amaranto.uchile.cl\/#breadcrumb","itemListElement":[{"@type":"ListItem","position":1,"name":"Home","item":"https:\/\/www.amaranto.uchile.cl\/"},{"@type":"ListItem","position":2,"name":"Inicio"}]},{"@type":"WebSite","@id":"https:\/\/www.amaranto.uchile.cl\/#website","url":"https:\/\/www.amaranto.uchile.cl\/","name":"Amaranto","description":"","potentialAction":[{"@type":"SearchAction","target":{"@type":"EntryPoint","urlTemplate":"https:\/\/www.amaranto.uchile.cl\/?s={search_term_string}"},"query-input":{"@type":"PropertyValueSpecification","valueRequired":true,"valueName":"search_term_string"}}],"inLanguage":"es"}]}},"_links":{"self":[{"href":"https:\/\/www.amaranto.uchile.cl\/index.php\/wp-json\/wp\/v2\/pages\/8","targetHints":{"allow":["GET"]}}],"collection":[{"href":"https:\/\/www.amaranto.uchile.cl\/index.php\/wp-json\/wp\/v2\/pages"}],"about":[{"href":"https:\/\/www.amaranto.uchile.cl\/index.php\/wp-json\/wp\/v2\/types\/page"}],"author":[{"embeddable":true,"href":"https:\/\/www.amaranto.uchile.cl\/index.php\/wp-json\/wp\/v2\/users\/1"}],"replies":[{"embeddable":true,"href":"https:\/\/www.amaranto.uchile.cl\/index.php\/wp-json\/wp\/v2\/comments?post=8"}],"version-history":[{"count":6,"href":"https:\/\/www.amaranto.uchile.cl\/index.php\/wp-json\/wp\/v2\/pages\/8\/revisions"}],"predecessor-version":[{"id":105,"href":"https:\/\/www.amaranto.uchile.cl\/index.php\/wp-json\/wp\/v2\/pages\/8\/revisions\/105"}],"wp:attachment":[{"href":"https:\/\/www.amaranto.uchile.cl\/index.php\/wp-json\/wp\/v2\/media?parent=8"}],"curies":[{"name":"wp","href":"https:\/\/api.w.org\/{rel}","templated":true}]}}